 m(-4). What is the highest common factor of p and n?
13
Suppose -41*i - 391 + 1744 = 0. Calculate the greatest common divisor of i and 209.
11
Let b(n) = 20*n**3 - n**2 - n + 2. Let i be b(1). Let t be 4868/i - 6/15. Calculate the highest common factor of t and 27.
27
Let b = 468 + -451. Calculate the highest common factor of b and 1003.
17
Suppose -2*q - i + 243 = 0, 2*q + q - 368 = -5*i. Let y be -1 - (-5)/((-5)/(-12)). Calculate the greatest common factor of q and y.
11
Let i be 2/(-1) - (-38)/(-2). Let k = i - -40. Let x = 135 - 59. What is the greatest common divisor of k and x?
19
Let s = -1299 + 1992. Calculate the highest common factor of 297 and s.
99
Let t be ((-18)/(-8))/((-3)/(-256)*4). Let a(y) = -3*y - 1. Let g be a(-11). Calculate the greatest common factor of t and g.
16
Suppose 0 = 83*s - 76*s - 42. Suppose -x = 5*h + 14, -x - 12 = -5*x - 3*h. What is the greatest common factor of s and x?
6
Let l = 11 - -9. Suppose -k - 4 = n, 4*n = -4*k + 2*n - l. Let v(w) = w**3 + 8*w**2 + 7*w + 6. Let c be v(k). What is the highest common factor of c and 24?
12
Let f be 9 - -1*(1 + -2). Let w be 8/2*(-3)/(-4). Suppose 0 = -3*b - 2*k + 178, -w*b + 4*k + 102 = -46. Calculate the highest common factor of f and b.
8
Let g = 638 + -449. What is the highest common divisor of g and 7?
7
Let d be (-9)/(-6)*(-15 + 3). Let l = d - -25. Suppose 3*v - 8 = l. What is the greatest common divisor of v and 40?
5
Suppose 3*m - 8*m = -25. Let v be ((-2)/(-4))/(m/170). Calculate the greatest common factor of 102 and v.
17
Suppose 0 = -24*z + 28*z - 40. Let n be ((-5)/z)/(1/(-150)). What is the highest common factor of 50 and n?
25
Suppose -3*t - 4*b + 62 = 0, 2*b + 61 = 4*t + 3*b. Suppose -15*z - t = -16*z. What is the greatest common divisor of z and 168?
14
Let y be 15/6*(12 - -4). Let z be (-135)/4*y/(-15). Calculate the greatest common factor of 225 and z.
45
Suppose 80 = -5*h + 10*h. Suppose -5*t + 91 = h. Calculate the highest common divisor of t and 120.
15
Let c(v) = -v**3 - 6*v**2 - 4*v + 10. Let g be c(-5). Suppose -g*a - 11 - 70 = -4*u, 0 = -4*u - 5*a + 111. What is the highest common factor of u and 6?
6
Suppose 2400 = 21*n - 11*n. What is the highest common divisor of 75 and n?
15
Let w(m) = -12*m + 21*m**2 + 9 - 7*m**2 - 6 - 5. Let g be w(2). Calculate the highest common divisor of 40 and g.
10
Let d be (-9)/(-3*(-3)/(-9)). Let c be -11 - -15 - (0 - d). Calculate the greatest common factor of 117 and c.
13
Let w(f) = -f + 19. Let d be w(13). Suppose 2*o - d*o = 0. Suppose o*c - 5*c - 75 = -5*y, -4*y + c = -60. Calculate the greatest common factor of y and 15.
15
Suppose 3*b - 649 + 208 = 0. Calculate the highest common factor of 3 and b.
3
Suppose 2*f - 4*n = 12, -4*f + 5*n - 2 + 20 = 0. Suppose -3*r + 3*s + 294 = 0, 0*s + s - 190 = -f*r. What is the greatest common divisor of 12 and r?
12
Suppose 51*v - 50*v - 235 = 0. Calculate the highest common divisor of v and 47.
47
Let n = 112 + 13. Let m = 127 - n. Let g be (4/5)/(2/5). What is the greatest common factor of m and g?
2
Let a(k) = -2*k. Let y be a(-1). Let w(j) = 2*j**2 - j - 1. Let d be w(y). Suppose -123 = -2*x + d. Calculate the greatest common factor of 8 and x.
8
Let o(n) = -40*n - 275. Let m be o(-9). What is the greatest common factor of 765 and m?
85
Let d(i) = -i**3 + 21*i**2 - 20*i + 2. Let m be d(20). Suppose -m*b - 32 - 65 = -k, 0 = 4*b - 4. Calculate the highest common factor of k and 11.
11
Let l = 20 - 19. Let o be 0 + 32/(l - (-3)/(-6)). What is the highest common divisor of 8 and o?
8
Suppose 3*r + 0*f + f - 147 = 0, f - 197 = -4*r. Let k = r - -20. What is the greatest common divisor of k and 28?
14
Let f be -3*(-8)/(-18)*3. Let u(m) = -10*m - 4. Let i be u(f). Suppose -12*z = -26*z + 168. Calculate the highest common divisor of z and i.
12
Let m be (-7)/(-21) - (-572)/12. Suppose 0 = -v - 0*v + 32. Calculate the highest common divisor of m and v.
16
Let k(s) = -s**3 - 23*s**2 - 22*s + 21. Let r be k(-22). What is the greatest common factor of r and 4?
1
Suppose 3*t = 7 + 5. Suppose 3*i + 392 = 2*h, -t*h + 242 = -5*i - 542. What is the greatest common divisor of h and 56?
28
Suppose -w - 5*b = -40, 2*w + 7*b = 2*b + 85. What is the highest common factor of 75 and w?
15
Suppose -2*s - 13 = -5*i + 11, s = -2. Suppose 0 = i*t + t - 5*v + 5, 2*v - 16 = -5*t. What is the highest common divisor of t and 5?
1
Suppose -4*o + 108 = f, -4 = 5*f + 16. Suppose r + w - 43 = 0, -r + 6*w - 2*w + o = 0. Calculate the highest common divisor of r and 100.
20
Let o(c) = c**3 - 11*c**2 + c - 5. Let g be o(11). Let y be 2/(-9) - (60/(-27) + -4). Calculate the highest common factor of g and y.
6
Let k be 7/21*69 - (4 + -8). What is the highest common factor of k and 51?
3
Let t(j) = j**2 + 7*j - 1. Let u be t(-7). Let z be 0 - (u + -4)*(-1 - -5). Calculate the greatest common factor of z and 140.
20
Let c = -99 + 101. Suppose 2*i - 36 = -c*g, 83 = 5*g + i - 19. Calculate the greatest common factor of 6 and g.
3
Suppose 3*a - 18 = -2*j, 5*j - a = 2*j + 5. Suppose 7*s - j*s = 520. Suppose -52 = -0*o - 4*o. Calculate the greatest common factor of o and s.
13
Suppose 3*q = 15*q - 432. Suppose q*u = 34*u + 18. Calculate the highest common divisor of u and 18.
9
Let s(d) = -3*d**2 - 25*d + 20. Let p be s(-9). What is the greatest common factor of 1 and p?
1
Let j be ((-338)/(-4))/((-41)/(-82)). What is the greatest common factor of 13 and j?
13
Suppose -f = -k - 726, -17*f + 12*f = -2*k - 3621. What is the highest common divisor of 3 and f?
3
Let y(u) = -47*u - 7. Let s be y(-2). Calculate the greatest common factor of 145 and s.
29
Suppose -q = -v - 6*q + 225, 2*v + 4*q - 438 = 0. Calculate the highest common divisor of v and 86.
43
Let r be (-1)/4 - (-45)/4. Suppose 18*d - 29*d = 341. Let q(h) = h**2 + 30*h - 9. Let w be q(d). Calculate the greatest common factor of w and r.
11
Let p = -63 + 286. Suppose 0 = -3*j + 2 + p. Suppose -4*y + 110 = -2*q, 3*q + 0 = 15. Calculate the greatest common factor of y and j.
15
Let u be 0 - (9/((-36)/16) - 257). Calculate the greatest common divisor of 9 and u.
9
Let b be ((-65)/15)/((-1)/(-6)). Let z = 0 - b. Let y(j) = -j**3 - j**2 + 39. Let s be y(0). Calculate the highest common divisor of s and z.
13
Let o be ((-1)/(-2))/((-1)/(-14)). Let x = 30 - o. Calculate the highest common factor of 138 and x.
23
Let h(p) = 31*p - 1. Suppose 4*s - s + 99 = -3*g, -2*g - 3*s - 69 = 0. Let q = g + 31. Let i be h(q). Calculate the highest common divisor of 45 and i.
15
Let i be (-42)/(-2) + 2/1. Suppose 736 = -40*s + 44*s. What is the highest common factor of s and i?
23
Let b be (-13864)/(-30) + (-32)/240. What is the highest common divisor of 42 and b?
42
Let i be (-188)/6 - (-4)/(-6). Let z = i - -61. Calculate the greatest common factor of 29 and z.
29
Let b(p) = 2*p**3 - 10*p**2 + 7. Let z be b(5). Let l be 10/(-65) + 275/13. What is the greatest common factor of l and z?
7
Let t(v) = 2*v**3 + 17*v**2 - 11*v - 8. Let q be t(-8). What is the highest common divisor of q and 12?
12
Let u = -2 + -1. Let b be 0*(u - -2)*1. Suppose -5*l + 4*g + 395 = b, 0 = -2*l - 0*g - 3*g + 135. Calculate the highest common factor of l and 50.
25
Let g(i) = -487*i + 132. Let f be g(-3). What is the highest common factor of 59 and f?
59
Let f = 1 - -4. Let j(a) be the third derivative of 17*a**4/24 - 2*a**3/3 + 67*a**2. Let h be j(f). Calculate the highest common factor of 27 and h.
27
Suppose 16*v - 571 = 1253. Calculate the highest common divisor of v and 38.
38
Let l(v) = -2*v**2 + 51*v - 94. Let x be l(23). Calculate the highest common divisor of 245 and x.
7
Let p = -11 - -27. Let l be 7/(-9) + 1 - 936/(-162). Let z = p - l. Calculate the greatest common divisor of z and 20.
10
Suppose -254*k + 243*k + 22 = 0. Let r(b) = -2*b + 2. Let x be r(-6). What is the highest common factor of x and k?
2
Let b be (-441)/36 + 11 + 61/4. Let x = 26 - -30. What is the highest common factor of x and b?
14
Let f = -315 + 363. Calculate the greatest common divisor of f and 32.
16
Let o = -148 - -122. Let m = 134 - o. Let x be -2*(0/(-1) + -10). What is the highest common factor of x and m?
20
Let v be ((-304)/(-6))/(72/108). What is the highest common factor of 38 and v?
38
Let s be (72/60)/((